 of 3142013380?
2, 5, 11, 499, 28621
List the prime factors of 268576137.
3, 29841793
List the prime factors of 1940071653.
3, 13, 37, 448157
What are the prime factors of 74250357?
3, 24750119
List the prime factors of 730309259.
79, 9244421
List the prime factors of 413539773.
3, 17, 2693, 3011
List the prime factors of 345779416.
2, 2879, 15013
What are the prime factors of 3328679536?
2, 7, 13, 43, 79, 673
List the prime factors of 296380194.
2, 3, 11, 233, 19273
What are the prime factors of 10050884?
2, 2512721
What are the prime factors of 114689835?
3, 5, 13, 196051
List the prime factors of 214930579.
107, 2008697
What are the prime factors of 405470714?
2, 11, 18430487
What are the prime factors of 4256433366?
2, 3, 89, 7970849
What are the prime factors of 710628762?
2, 3, 118438127
What are the prime factors of 221573996?
2, 7, 23, 97, 3547
List the prime factors of 162818881.
162818881
What are the prime factors of 53495314?
2, 29, 922333
List the prime factors of 144362407.
7, 53, 389117
List the prime factors of 171432895.
5, 137, 250267
List the prime factors of 5381050252.
2, 9833, 136811
List the prime factors of 298530162.
2, 3, 7, 157, 15091
What are the prime factors of 229915195?
5, 43, 149, 7177
List the prime factors of 137226626.
2, 19, 1759, 2053
List the prime factors of 21060346.
2, 31, 131, 2593
List the prime factors of 111974462.
2, 3407, 16433
List the prime factors of 349231263.
3, 116410421
List the prime factors of 55536955.
5, 11107391
What are the prime factors of 260796338?
2, 11, 11854379
List the prime factors of 49717786.
2, 24858893
What are the prime factors of 353016300?
2, 3, 5, 7, 13, 67, 193
What are the prime factors of 565413152?
2, 1999, 8839
List the prime factors of 30577905.
3, 5, 8389
What are the prime factors of 777599906?
2, 5657, 68729
List the prime factors of 49789615.
5, 97, 251, 409
List the prime factors of 161417924.
2, 17, 1459, 1627
What are the prime factors of 4808500755?
3, 5, 320566717
List the prime factors of 161963562.
2, 3, 19, 23, 223, 277
List the prime factors of 2684415493.
1493, 1798001
List the prime factors of 1718723190.
2, 3, 5, 61, 939193
List the prime factors of 5211976797.
3, 877, 660329
What are the prime factors of 39134460?
2, 3, 5, 652241
What are the prime factors of 910569969?
3, 2777, 36433
List the prime factors of 260523518.
2, 1987, 65557
What are the prime factors of 140323105?
5, 13, 2158817
What are the prime factors of 92885762?
2, 37, 43, 29191
What are the prime factors of 5135529257?
25321, 202817
List the prime factors of 2237054633.
11, 17, 109, 109751
List the prime factors of 169467242.
2, 7, 29, 47, 83, 107
What are the prime factors of 67349070?
2, 3, 5, 17, 67, 73
What are the prime factors of 1091772027?
3, 23, 195343
What are the prime factors of 1891058107?
1891058107
What are the prime factors of 2132684222?
2, 19, 56123269
What are the prime factors of 1359703308?
2, 3, 19, 5963611
List the prime factors of 1997134177.
17, 117478481
What are the prime factors of 70396792?
2, 37, 103, 2309
What are the prime factors of 126927470?
2, 5, 241, 52667
What are the prime factors of 77148282?
2, 3, 59, 217933
List the prime factors of 778011903.
3, 137, 197, 3203
List the prime factors of 4400250726.
2, 3, 17, 43139713
What are the prime factors of 1892953419?
3, 7, 90140639
What are the prime factors of 217391475?
3, 5, 7, 547, 757
What are the prime factors of 2316526?
2, 1158263
What are the prime factors of 2009084882?
2, 7, 127, 1063
List the prime factors of 210519787.
29, 43, 401, 421
What are the prime factors of 482807786?
2, 17, 1543, 9203
What are the prime factors of 968582943?
3, 1997, 53891
What are the prime factors of 96274922?
2, 1523, 31607
List the prime factors of 313787344.
2, 13, 23, 107, 613
What are the prime factors of 1658085702?
2, 3, 7, 13, 233599
What are the prime factors of 1006713738?
2, 3, 487, 38281
What are the prime factors of 5807484884?
2, 43, 229, 283, 521
What are the prime factors of 1146472270?
2, 5, 4409, 26003
What are the prime factors of 139452138?
2, 3, 7, 7529
List the prime factors of 1560516384.
2, 3, 7, 71, 32707
What are the prime factors of 231711826?
2, 653, 177421
What are the prime factors of 113018098?
2, 193, 292793
List the prime factors of 6133230.
2, 3, 5, 68147
List the prime factors of 4255147688.
2, 11, 227, 277, 769
What are the prime factors of 3841039374?
2, 3, 47, 13620707
List the prime factors of 836351858.
2, 418175929
What are the prime factors of 157176466?
2, 3187, 24659
What are the prime factors of 7807209?
3, 43, 60521
List the prime factors of 778570339.
113, 1759, 3917
List the prime factors of 1243631309.
31, 37, 1084247
List the prime factors of 1777835906.
2, 7, 11, 401, 28789
List the prime factors of 5754095317.
373, 15426529
What are the prime factors of 1748229923?
11, 158929993
What are the prime factors of 800752279?
1523, 525773
What are the prime factors of 316236232?
2, 13, 3040733
What are the prime factors of 71591873?
71591873
List the prime factors of 52057049.
11, 4732459
What are the prime factors of 63840433?
23, 1033, 2687
What are the prime factors of 177173117?
11, 23, 53, 73, 181
List the prime factors of 182922432.
2, 3, 7, 11, 12373
What are the prime factors of 149624888?
2, 7, 17, 73, 2153
List the prime factors of 995930083.
16087, 61909
What are the prime factors of 11297221?
13, 869017
What are the prime factors of 4051067185?
5, 11, 73655767
What are the prime factors of 346956898?
2, 31, 61, 199, 461
What are the prime factors of 38167037?
139, 274583
List the prime factors of 100204179.
3, 33401393
What are the prime factors of 451149155?
5, 90229831
List the prime factors of 2980081850.
2, 5, 1597, 37321
List the prime factors of 713423210.
2, 5, 19, 739, 5081
List the prime factors of 115047449.
11, 17, 23, 1163
What are the prime factors of 1406891?
503, 2797
What are the prime factors of 4289961141?
3, 476662349
List the prime factors of 145791348.
2, 3, 853, 14243
List the prime factors of 92255784.
2, 3, 67, 57373
List the prime factors of 1538731922.
2, 7, 13, 563, 15017
What are the prime factors of 2444635012?
2, 11617, 52609
What are the prime factors of 548807301?
3, 7, 23, 61, 887
List the prime factors of 2682951732.
2, 3, 74526437
What are the prime factors of 96232999?
3511, 27409
What are the prime factors of 81588183?
3, 163, 166847
What are the prime factors of 2716203216?
2, 3, 19, 23, 129491
What are the prime factors of 2608501074?
2, 3, 434750179
List the prime factors of 4416432446.
2, 23, 29, 114161
What are the prime factors of 123809844?
2, 3, 17, 37, 47, 349
What are the prime factors of 276117783?
3, 23, 89, 44963
What are the prime factors of 981862202?
2, 19, 3943, 6553
What are the prime factors of 281357879?
11, 37, 691297
What are the prime factors of 404763597?
3, 7, 53, 241, 503
List the prime factors of 10693750.
2, 5, 29, 59
List the prime factors of 1187487653.
11, 601, 179623
What are the prime factors of 4392512401?
97, 149, 303917
What are the prime factors of 45874632?
2, 3, 47, 67, 607
What are the prime factors of 3938259752?
2, 7, 97, 103573
What are the prime factors of 5917716?
2, 3, 7, 23, 1021
List the prime factors of 823453239.
3, 7, 39212059
List the prime factors of 209643979.
31, 367, 18427
List the prime factors of 1992150682.
2, 167, 5964523
What are the prime factors of 349682885?
5, 131, 149, 3583
List the prime factors of 279599589.
3, 2791, 11131
List the prime factors of 211156585.
5, 6323, 6679
What are the prime factors of 20017437?
3, 11, 606589
What are the prime factors of 1258981519?
139, 163, 181, 307
List the prime factors of 152188757.
7, 281, 1579
What are the prime factors of 28384001?
23, 661, 1867
What are the prime factors of 66253151?
67, 14759
List the prime factors of 248502268.
2, 7, 1361, 6521
What are the prime factors of 446250621?
3, 6529, 22783
What are the prime factors of 358607347?
7, 179, 286199
List the prime factors of 6057917.
6057917
List the prime factors of 45594865.
5, 601, 15173
List the prime factors of 5347643591.
653, 8189347
List the prime factors of 390119040.
2, 3, 5, 89, 761
What are the prime factors of 840380554?
2, 13,